s the remainder when 59 is divided by t?
14
Let x(z) = -z**3 + 20*z**2 - 21*z + 43. Let o be x(19). Suppose -291 = -5*f - 2*w, o*w = 5*f - 0*w - 305. What is the remainder when f is divided by 10?
9
Suppose 5*z = 2*j + 3830, -2*j - 512 = 2*z - 2058. What is the remainder when z is divided by 30?
18
Let c = 3593 - 3557. Calculate the remainder when 897 is divided by c.
33
Calculate the remainder when 152 is divided by 1*(50 - -1)*74/111.
16
Suppose 3*h - 2481 = o + o, 2481 = 3*h - 4*o. What is the remainder when h is divided by 32?
27
Let j = -6730 - -7906. Calculate the remainder when j is divided by 51.
3
Suppose -2 = -n, -13*q + 12*q + 3*n + 51 = 0. What is the remainder when 2733 is divided by q?
54
Suppose -5*h - 4 + 54 = 5*n, 0 = -2*n + 2*h. Suppose -w + 73 = n*d, -4*d + 44 = 3*w - 175. Calculate the remainder when w is divided by 15.
13
Let o(l) be the third derivative of l**4/24 + l**3/3 - 34*l**2. Let t be -1 + (-1 - -1) + 3. What is the remainder when 6 is divided by o(t)?
2
Suppose 0 = -n + 3*m + 153, -298*m = -303*m - 40. What is the remainder when n is divided by 99?
30
Let r = 509 + -507. Suppose 5*y = -v + 54, -r*v + 2*y + 47 = -v. What is the remainder when v is divided by 17?
15
Let k(f) = f**3 - 25*f**2 - 57*f + 87. Let r = -2 + 4. Suppose -2*t = -2*y - 40, r*t + 5*y = 3*t - 8. What is the remainder when t is divided by k(27)?
5
Let g be -668*2/(-4)*4/8. Suppose 145 = g*p - 162*p. Calculate the remainder when 70 is divided by p.
12
Let p(n) = -3*n - 44. Let q be p(-18). Suppose -5*m + 70 = 2*m. Calculate the remainder when 4/10 + 476/q is divided by m.
8
Let v = 368 - 51. Let a = 152326 - 152286. What is the remainder when v is divided by a?
37
Suppose 2*v + 35*v + 974 = 2639. What is the remainder when 114 is divided by v?
24
What is the remainder when 222 is divided by 1098/99 + (-2)/22?
2
Suppose -2*s - 6 = 0, s + 582 = -4*r - s. What is the remainder when 134 is divided by 3/(-2)*1824/r?
1
Let d(v) = -530*v + 78. What is the remainder when d(-1) is divided by 163?
119
Let d(p) = -380*p + 17. Let v be d(-2). Suppose v = 24*s - 1215. Calculate the remainder when s is divided by 29.
25
Suppose 4*m = 4*z - 5*z + 22, -4*m - 3*z = -18. Let l(k) = 19*k**3 + 4*k + 10 - 18*k**3 + m*k**2 + 3*k**2. Calculate the remainder when l(-7) is divided by 9.
8
Let q = 9413 - 9047. What is the remainder when q is divided by 9?
6
Let r(f) = f**3 - 15*f**2 - 83*f + 52. Calculate the remainder when r(23) is divided by 29.
26
Suppose 2*l - 80 - 348 = 0. Let s = l - 205. Let n = 76 - 43. What is the remainder when n is divided by s?
6
Suppose -269 = -12*g - 29. What is the remainder when 7/7 - (-72 - 1) is divided by g?
14
Let p be 6/(-8) - ((-12)/16 + -5). Suppose -2*o = -p*q - 4*o + 15, 0 = -2*o. Suppose 0 = -5*r + q*r + 152. What is the remainder when r is divided by 26?
24
Suppose 4*z - 4 = -12, 60 = 5*l - 5*z. Let m be 4692/136*1/(3/22). Suppose 0 = -8*j + m - 45. What is the remainder when j is divided by l?
6
Let l be -341 - (11 - (1 - -4)). Let i = l - -365. Calculate the remainder when 161 is divided by i.
17
Let j = 16656 + -16613. Calculate the remainder when 3517 is divided by j.
34
What is the remainder when 478 is divided by 14586/273 + 6/(-14)?
1
Let s = 534 + -494. Suppose -2*n = -4*h - 52, -30*h + s = n - 25*h. Calculate the remainder when 87 is divided by n.
27
Suppose 371 = 2*i - 5*t, 14*i - 19*i + 1029 = 2*t. What is the remainder when i is divided by 71?
61
Suppose -2921*c = -2946*c + 300. Calculate the remainder when 4582 is divided by c.
10
Let s(k) = 2*k + 1. Let p(j) = 2*j**2 + 60*j - 645. What is the remainder when p(-39) is divided by s(4)?
3
Let q = -25541 - -25679. What is the remainder when 538 is divided by q?
124
Let m(t) = 30*t**2 + 16*t + 85. Calculate the remainder when m(-5) is divided by 11.
7
Let a(q) be the second derivative of q**4/4 - 2*q**3/3 - 23*q**2/2 - 93*q. What is the remainder when 108 is divided by a(5)?
12
Let y(m) = -m**3 + 7*m**2 - 12*m + 2. Let j be y(4). Suppose j*c = -4*i + 28, 0 = 5*c - 37*i + 35*i - 82. What is the remainder when 93 is divided by c?
13
What is the remainder when 1298 is divided by 1*-10 - (-40 + 20)?
8
Suppose -v - 102 = -3*c - 4*v, -22 = -c - 5*v. Suppose 22*m = 21*m + 2*u + 13, -c = -5*m - 4*u. Calculate the remainder when 646 is divided by m.
7
Calculate the remainder when 608 is divided by 2/21 - (-17750)/1050.
13
Suppose 4*c - 177 = -c + 2*l, 2*c - 5*l - 75 = 0. Suppose 47*r = -5*r + 7*r + 495. Calculate the remainder when c is divided by r.
2
Let v = -1923 + 1924. Suppose 2*l + 5*k = -l + 21, -2*l - 4*k = -16. Suppose l*o - 9 = -5*n, -n - v = -3*o + 2*o. What is the remainder when 3 is divided by n?
0
Let m = 307 + -315. What is the remainder when 236 - (1 - m/(8/5)) is divided by 25?
5
Suppose -23 = -t + 2*x, -5*x - 13 + 68 = 5*t. Let i = t - -49. What is the remainder when i is divided by 33?
31
Suppose -3*y = -y - 25 - 1. Suppose -2*q - 3*o + 3 + 7 = 0, 2*o + 4 = 0. What is the remainder when y is divided by q?
5
Let y(s) = 13*s - 19. What is the remainder when (100/10)/((-6)/(-15)) is divided by y(3)?
5
Suppose -i - 5*u = -4*i + 272, -4*u + 196 = 2*i. Suppose 3*t - 39*c + 34*c - 1753 = 0, -5*t + 4*c + 2861 = 0. What is the remainder when t is divided by i?
91
Let i(j) = j - 7. Let v = -67 + 57. Let c be i(v). Let l(d) = -2*d - 17. What is the remainder when 27 is divided by l(c)?
10
Let u = 8471 + -7273. What is the remainder when u is divided by 14?
8
Suppose -3*x + 1583 = r, -6*x + x - 15970 = -10*r. What is the remainder when r is divided by 84?
83
Let r(j) = -113*j + 173. What is the remainder when r(1) is divided by 23?
14
Suppose -2*j - 124 = -4*m, 0 = m + 3*j + 1430 - 1461. What is the remainder when 339 is divided by m?
29
Let u = -12 + 26. Suppose -126 + 199 = z - 4*h, h = -3*z + 102. What is the remainder when z is divided by u?
9
Let y(b) = 9*b + 76. Let x be y(-8). Let h(a) = a + 6. Suppose -3*s - k + 102 = -0*s, -111 = -3*s - 4*k. What is the remainder when s is divided by h(x)?
3
Let o = -1616 + 8505. What is the remainder when o is divided by 29?
16
Let l(j) = j**3 - j**2 - 12*j - 2. Let u(q) = -2*q**3 + 3*q**2 + 25*q + 4. Let d(h) = -9*l(h) - 4*u(h). Calculate the remainder when 33 is divided by d(-5).
9
Let k(d) = -52*d - 374. What is the remainder when 204 is divided by k(-11)?
6
Let t = 236 - 86. Let z(s) = 3*s**2 - 23*s - 34. Let j be z(9). Suppose -t = -5*l + j*l. What is the remainder when l is divided by 13?
11
Suppose 9 = -3*b + 27. Let a = 110 - b. What is the remainder when a is divided by 5?
4
Suppose 4*g - 36 = -5*g. Suppose -3*f + 2*c = -115, 4*f - 5*c + g*c - 155 = 0. Calculate the remainder when f is divided by 18.
3
Suppose 4*x = -4*k, 0*x = 5*k + 2*x - 6. What is the remainder when 63 is divided by (k/7)/(25/350)?
3
Let h(v) = v**3 - 2*v**2 + 610*v + 936. Calculate the remainder when 938 is divided by h(0).
2
Suppose -4*s = -14*n + 27234, 3*s + 1367 + 2509 = 2*n. What is the remainder when n is divided by 9?
3
Calculate the remainder when 644 is divided by (-43)/86 + (3 - -1 - 1580/(-8)).
41
Suppose -2*x = -5*a + 1712, -4*a = -x - 95 - 1277. Let j = -335 + a. Let i(v) = v**2 + v + 2. What is the remainder when i(5) is divided by j?
5
What is the remainder when ((-2056)/(-10))/(((-192)/(-30) + -6)/1) is divided by 40?
34
Let s(o) = -13*o - 31. Let g be s(-3). Suppose 5*b = 2*v + 482, 3*b + g*v = 10*v + 290. What is the remainder when b is divided by 14?
12
What is the remainder when 420/(-8)*-1*15/(-50)*-72 is divided by 36?
18
Let c = 284 - 156. Calculate the remainder when ((-13)/(-3) + (-30)/6)*-9 is divided by (-14)/(-77) - c/(-22).
0
Suppose 3*r = -5*i + 355, 2*r + 130 = i + 358. Let j = r + -65. Let h = 72 - j. What is the remainder when h is divided by 5?
2
Let b = -10144 + 21699. Calculate the remainder when b is divided by 27.
26
Let k be ((-1475)/50)/(2/(-8)). Suppose -a - 91 = -k. Calculate the remainder when 60 is divided by a.
6
Let j = -13 + 13. Let r(y) = y**2 - 18*y + 36. Let q be r(16). What is the remainder when q + (3 + j - -21) is divided by 15?
13
Suppose 5*r = -5*c - 2116 + 7521, -2*r = 3*c - 2156. What is the remainder when r is divided by 45?
7
Suppose -g + 168 = q, -2*q + 498 = q + 2*g. What is the remai